(-13).
5, 7
Let p(x) = 796*x**2 - 271*x - 815. List the prime factors of p(-3).
2, 3581
Let j(x) = -10*x + 25. Let b = 62 + 2. Suppose -2*o + 5*u = b, -3*o + o - 44 = 5*u. List the prime factors of j(o).
5, 59
Suppose 0 = -18*g - 20*g + 65398. What are the prime factors of g?
1721
Suppose 3428 = 5*w - 5*r + 68, -r - 2020 = -3*w. List the prime factors of w.
2, 337
Let b(o) = 3*o**2 - 33*o + 9. Let f be b(36). Suppose -f = 9*c - 7929. List the prime factors of c.
2, 5, 29
Suppose 5*h - 17669 = -3*h + 7*h. What are the prime factors of h?
17669
Let y(s) = -1449*s - 9122. List the prime factors of y(-47).
13, 349
Suppose 5*o - 23357 = -6*l, -4*l = -3*l - 5*o - 3887. What are the prime factors of l?
2, 7, 139
Suppose -50*o - 38456 + 122506 = 0. List the prime factors of o.
41
Suppose -r = 3*t - 278, 0 = 2*t + 2*r - 4*r - 196. Let v = -200 - -339. Let y = v - t. List the prime factors of y.
3, 5
Suppose -a + 3*n - 1 = 6*n, -3*a + 3 = 3*n. Suppose -4*i = 4*m - 0 + 8, -16 = -a*m + 3*i. List the prime factors of m/3*(2*-1 - -176).
2, 29
Let f = -3469 + 7582. What are the prime factors of f?
3, 457
Let d = 123 + -72. Let c be (-200)/6*(-36)/30. Let a = c + d. List the prime factors of a.
7, 13
List the prime factors of 21*(-28120)/(-36) + 2/(-24)*4.
47, 349
Suppose 0 = s - 5*u + 26 - 6, -s + 4*u = 17. Let w = 19 + s. Suppose 0 = 3*y + 5*i - 30, 4*y - w = 5*i + 61. List the prime factors of y.
3, 5
Let i(y) = y**3 - 5*y - 6. Let c be i(0). What are the prime factors of (-1 - (-4984)/24) + (-2)/c?
3, 23
Let o = -7802 - -29577. List the prime factors of o.
5, 13, 67
Suppose -255*z + 2845656 = 49*z - 2088568. List the prime factors of z.
16231
Let v(b) = -18*b**3 + 2*b**2 + 9*b + 6. Let t(f) = f**3 + f - 1. Let k(i) = -2*t(i) + v(i). Let c be k(-2). Let n = 282 - c. List the prime factors of n.
2, 3, 5
Let s(b) = 2*b + 5. Let z(u) = -9*u**3 + 2*u**2 - u. Let t be z(-2). Suppose 4*h + 6 = t. List the prime factors of s(h).
43
Let a = 51898 + 15406. What are the prime factors of a?
2, 47, 179
Suppose -1765 - 299 = 43*u. Suppose 3*v - 328 = -v. Let k = u + v. List the prime factors of k.
2, 17
Suppose 56089 = -63*v + 396856. List the prime factors of v.
3, 601
Let j(z) = z**3 - 54*z**2 - 51*z + 44. Let s(i) = -i**2 + i. Let k(p) = j(p) + s(p). What are the prime factors of k(56)?
2, 5, 19
Suppose 77 - 49 = 7*k. Suppose k*h + 3*h - 4116 = 0. List the prime factors of h.
2, 3, 7
Suppose -27*u + 24*u = -27. What are the prime factors of 119028/98 - u/(-21)?
3, 5
Let t = 42 + -24. Suppose 4*h + 2 - t = 0. Suppose 165 + 195 = h*n. List the prime factors of n.
2, 3, 5
Let p(v) = -v**2 + 3*v + 54. Let h be p(10). List the prime factors of (-4 - (-442)/(-16)*2)*h.
2, 3, 79
Suppose s + b + 8 = 0, -s - 3*b = 3*s + 30. Let u(v) = -405*v + 803*v + 3*v**2 + 2 - 403*v. List the prime factors of u(s).
2, 5, 7
Let x(r) = -2*r**2 - 7*r - 10. Let l(n) = -4*n**2 - 15*n - 19. Let z(i) = 6*l(i) - 13*x(i). Let u be z(-5). Let k = u - -63. What are the prime factors of k?
2, 31
Let o = -26 - -61. Let u = -33 + o. What are the prime factors of (91/u)/((-6)/(-12))?
7, 13
Suppose -51230 = -26*s + 71256. What are the prime factors of s?
7, 673
Let u be 5/(-5) + (-10)/(-2). Suppose 5*g + m = 14, 10 = 3*g - 5*m - u. Suppose -5*v + 4*y + y + 75 = 0, -2*v = -g*y - 28. List the prime factors of v.
17
Suppose 8973635 = 118*z + 499*z - 8170944. List the prime factors of z.
37, 751
Let a(g) = -g**2 - 155 + 107 + 463 - g. List the prime factors of a(0).
5, 83
Let n be (-124)/186 + 242/3. Let h be 45/6*(-64)/(-10). Let a = h + n. What are the prime factors of a?
2
Suppose 11 + 1 = 3*p, -u = -2*p - 7. Let r = u - 13. Suppose r*d - 178 = 74. List the prime factors of d.
2, 3, 7
Let j(n) = -8*n**2 - 4*n + 24. Let y be j(5). What are the prime factors of (-188209)/y + 2/(-8)?
2, 3, 5
Let r(u) = -u**3 + 43*u**2 + 81*u + 6. Let i be r(46). Let n = -1299 - i. List the prime factors of n.
3, 439
Let v = 25082 + 6109. List the prime factors of v.
3, 37, 281
Let t = 44 + -42. Let y be 3 + (27 + -2 - t). Suppose 9*c - 8*c - y = 0. What are the prime factors of c?
2, 13
Suppose 7*q - 563 = 32. Suppose m + q = 2*m. What are the prime factors of m?
5, 17
Let f(s) = -s**2 - s + 5. Let x be f(1). Suppose -r - x*c + 663 = -819, -3*r = -4*c - 4394. List the prime factors of r.
2, 3, 5, 7
Let l(y) = 2*y**2 + 28*y - 8. Suppose 8*d + 612 - 372 = 0. What are the prime factors of l(d)?
2, 7, 17
Suppose j + 22642 = 2*z - 7885, -13*z + j + 198464 = 0. List the prime factors of z.
3, 7, 727
Suppose -5*c = -4*t + 18638, -t + 92*c + 4655 = 90*c. List the prime factors of t.
13, 359
Suppose 42*d - 404910 = -55722. What are the prime factors of d?
2, 4157
Suppose -2*q - 8 = -4*j, 3 = 3*q - 2*j + 7. Suppose u + 4 = q, 1 = -i - u + 3. List the prime factors of i.
2, 3
Let v(f) = 3*f**2 - 23. Let g be v(5). Suppose g*w - 55*w + 141 = 0. List the prime factors of w.
47
Suppose 0 = -3*z - 4*g + 21, -3*z + 30 = g - 0*g. Let c(j) = j + z*j - 6*j - 4 + 10*j. List the prime factors of c(5).
2, 19
Suppose 0 = 2*r + n - 37429, -49*r + 47*r = -n - 37439. What are the prime factors of r?
3, 17, 367
Suppose 2*l - 2607 = -9*l. Suppose l = -7*q + 8*q - 4*c, 0 = 4*q + 3*c - 1024. What are the prime factors of q?
11, 23
Suppose -3*n = 2*a + 836, n - 3 = -5. Let g = a + 719. What are the prime factors of g?
2, 19
Let s = 110 - 146. Let i = 100 + s. What are the prime factors of i?
2
Suppose 0*o = 6*o - 18. List the prime factors of (o - (-8)/(-3))*375.
5
Let i = 31980 + -16764. List the prime factors of i.
2, 3, 317
Let x(h) = -10*h. Suppose -5*a + 0*a - 4*b + 102 = 0, 68 = 3*a - b. Suppose l + a = -l. List the prime factors of x(l).
2, 5, 11
Suppose -449 = 6*a - 2375. Let r = a - -559. Suppose -r = -9*z + 4*z. List the prime factors of z.
2, 11
Suppose t - 3117 = -3*i, i - 4*i + 3108 = -2*t. Suppose -4*w - 3*u = -1606, 4*w + u - i = 564. List the prime factors of w.
2, 5
Suppose 391330 + 610711 - 321515 = 21*v. What are the prime factors of v?
2, 3, 11, 491
Let f(j) = -j**3 + 14*j**2 - 6*j - 31. Let r(n) = -n**2 + 7*n - 14. Let v be r(8). Let k be 4/v + 580/44. List the prime factors of f(k).
2, 3, 5
Let n = 514 + -900. Let j = n - -274. Let i = j - -210. List the prime factors of i.
2, 7
Let j = -13 - -2. Let a(l) = -l**3 - 11*l**2 + l - 3. Let x be a(j). Let o(h) = -5*h - 8. List the prime factors of o(x).
2, 31
Let m(v) = 2029*v + 748. What are the prime factors of m(6)?
2, 7, 13, 71
Suppose 4*l - 3*m - 6208 - 38296 = 0, -4 = -m. What are the prime factors of l?
31, 359
Let n(c) = 281*c + 1150. What are the prime factors of n(9)?
13, 283
Let z = 15485 - 8007. List the prime factors of z.
2, 3739
Suppose 0 = -218*a + 48*a - 31*a + 3721515. What are the prime factors of a?
5, 7, 23
Let y(m) be the second derivative of -1/20*m**5 - 29*m + 2/3*m**4 - 5/6*m**3 + 0 + 4*m**2. What are the prime factors of y(5)?
2, 29
Suppose s - 42 = 4*s. Let x = s + 17. Suppose x*u - 52 = 26. What are the prime factors of u?
2, 13
Let g(o) = 2*o**2 + 23*o + 1. Let u be g(-12). Suppose -5*v + 2*h = -30, h = v + v - u. List the prime factors of v.
2
Suppose 3*i = -0*q + 4*q + 214, 256 = -5*q - 2*i. Let m be (-8)/q + (-3012)/(-26). Suppose -m = -13*s + 9*s. What are the prime factors of s?
29
Suppose -4*x + 96221 = -93531. What are the prime factors of x?
2, 23719
List the prime factors of (-661)/(-1) - (-12 - -35 - 29).
23, 29
Let b(u) = 658*u**2 + 10*u. Let j = -281 + 280. What are the prime factors of b(j)?
2, 3
Let y(v) = 637*v + 1421. List the prime factors of y(11).
2, 7, 43
Suppose 7*d - 2*d - 105 = 0. Let m be d/(-14)*14/6*-30. Suppose -q + 5*j + m = 3*j, 539 = 5*q + 4*j. List the prime factors of q.
107
Suppose -61168 - 1831 = -i + 3*w, 251969 = 4*i - 3*w. List the prime factors of i.
2, 5, 6299
Suppose -84 = 16*f - 30*f. List the prime factors of 24/10 + f/(-15) + 465.
467
Let y = -1123 + 1964. Let c = y + 406. List the prime factors of c.
29, 43
Let t(z) be the third derivative of z**5/60 - 7*z**4/12 + 13*z**3/3 - 35*z**2. Let a be t(12). Suppose -387 - 53 = -a*b. What are the prime factors of b?
2, 5, 11
Let n = -1870 + 3106. Let u = n + -644. What are the prime factors of u?
2, 37
Suppose -3*a + 125 = 116. Suppose 5*b = -0*b - a*r + 718, 0 = 5*r +